igit of 486234606?
6
What is the thousands digit of 493750539?
0
What is the hundreds digit of 45469600?
6
What is the tens digit of 114982963?
6
What is the hundred millions digit of 985999416?
9
What is the hundred thousands digit of 242895790?
8
What is the ten thousands digit of 532584360?
8
What is the hundreds digit of 120716675?
6
What is the hundred millions digit of 258838903?
2
What is the units digit of 12794735?
5
What is the hundreds digit of 913859828?
8
What is the tens digit of 1936620350?
5
What is the millions digit of 4601137637?
1
What is the hundred thousands digit of 46410849?
4
What is the hundreds digit of 336966548?
5
What is the tens digit of 804847557?
5
What is the ten millions digit of 12004894?
1
What is the ten thousands digit of 22264141?
6
What is the ten millions digit of 144015288?
4
What is the tens digit of 741644794?
9
What is the thousands digit of 736047292?
7
What is the thousands digit of 219085023?
5
What is the ten thousands digit of 28016722?
1
What is the ten millions digit of 105481784?
0
What is the hundreds digit of 343825340?
3
What is the ten thousands digit of 1599324060?
2
What is the millions digit of 55891165?
5
What is the ten thousands digit of 128899096?
9
What is the tens digit of 43422754?
5
What is the hundred millions digit of 484669526?
4
What is the tens digit of 57899177?
7
What is the tens digit of 997124760?
6
What is the thousands digit of 336098566?
8
What is the ten thousands digit of 327968831?
6
What is the thousands digit of 7692080369?
0
What is the units digit of 120156888?
8
What is the ten thousands digit of 166207828?
0
What is the units digit of 6218893488?
8
What is the hundred millions digit of 4148094311?
1
What is the tens digit of 1870411042?
4
What is the millions digit of 101147665?
1
What is the tens digit of 93900179?
7
What is the millions digit of 21784717?
1
What is the millions digit of 40258878?
0
What is the units digit of 11971312?
2
What is the thousands digit of 840443299?
3
What is the thousands digit of 150212059?
2
What is the tens digit of 231200424?
2
What is the thousands digit of 9540809?
0
What is the ten thousands digit of 1044622637?
2
What is the hundred thousands digit of 264489526?
4
What is the ten millions digit of 227660666?
2
What is the hundreds digit of 406890052?
0
What is the tens digit of 118993029?
2
What is the ten millions digit of 65007910?
6
What is the hundreds digit of 891960164?
1
What is the ten thousands digit of 24259602?
5
What is the ten thousands digit of 670230526?
3
What is the hundreds digit of 67977551?
5
What is the tens digit of 4410796244?
4
What is the ten millions digit of 239790271?
3
What is the units digit of 193002032?
2
What is the hundreds digit of 3280085245?
2
What is the units digit of 446462444?
4
What is the ten millions digit of 977358979?
7
What is the millions digit of 65320795?
5
What is the hundred thousands digit of 1168973494?
9
What is the hundred thousands digit of 61328040?
3
What is the hundred thousands digit of 3539569169?
5
What is the tens digit of 182478687?
8
What is the ten thousands digit of 1697643689?
4
What is the hundred millions digit of 3147836115?
1
What is the tens digit of 1253023643?
4
What is the hundreds digit of 3158797431?
4
What is the millions digit of 342114170?
2
What is the hundreds digit of 126017670?
6
What is the tens digit of 159808001?
0
What is the ten millions digit of 231049570?
3
What is the hundred thousands digit of 780003281?
0
What is the billions digit of 1722387425?
1
What is the thousands digit of 253501636?
1
What is the ten millions digit of 28601300?
2
What is the hundred millions digit of 5360983638?
3
What is the units digit of 5627077?
7
What is the hundred millions digit of 100686444?
1
What is the hundreds digit of 41751231?
2
What is the units digit of 92130729?
9
What is the millions digit of 277680146?
7
What is the millions digit of 159778938?
9
What is the hundreds digit of 19132452?
4
What is the units digit of 5843139?
9
What is the billions digit of 2777938614?
2
What is the hundreds digit of 652940731?
7
What is the millions digit of 10480646?
0
What is the hundred millions digit of 1006154720?
0
What is the ten thousands digit of 13871861?
7
What is the hundred thousands digit of 544658667?
6
What is the thousands digit of 1235018791?
8
What is the hundreds digit of 587371780?
7
What is the hundreds digit of 1442652011?
0
What is the thousands digit of 221897303?
7
What is the hundreds digit of 60915998?
9
What is the ten millions digit of 342324011?
4
What is the millions digit of 308628244?
8
What is the ten millions digit of 84305877?
8
What is the billions digit of 2217785208?
2
What is the tens digit of 5563396095?
9
What is the hundreds digit of 545035169?
1
What is the thousands digit of 793866991?
6
What is the millions digit of 40838948?
0
What is the hundred thousands digit of 1123553397?
5
What is the hundred thousands digit of 5296278?
2
What is the ten thousands digit of 96111889?
1
What is the hundred millions digit of 390867720?
3
What is the millions digit of 53989848?
3
What is the tens digit of 13907089?
8
What is the units digit of 496505514?
4
What is the hundred thousands digit of 6360513?
3
What is the tens digit of 154297213?
1
What is the hundred thousands digit of 1170717148?
7
What is the hundreds digit of 2918901341?
3
What is the hundreds digit of 56327169?
1
What is the thousands digit of 156188297?
8
What is the hundred thousands digit of 193300180?
3
What is the tens digit of 325629632?
3
What is the ten thousands digit of 7026655821?
5
What is the tens digit of 380099324?
2
What is the hundred thousands digit of 755258097?
2
What is the millions digit of 196588890?
6
What is the hundred millions digit of 1605290767?
6
What is the ten thousands digit of 1065139529?
3
What is the ten thousands digit of 635734?
3
What is the thousands digit of 116359488?
9
What is the millions digit of 210412315?
0
What is the ten millions digit of 1358366736?
5
What is the ten thousands digit of 25830292?
3
What is the units digit of 2640744944?
4
What is the thousands digit of 61233409?
3
What is the ten thousands digit of 227394190?
9
What is the tens digit of 1585457899?
9
What is the units digit of 58157232?
2
What is the hundred millions digit of 112601569?
1
What is the hundred millions digit of 7017985715?
0
What is the tens digit of 232382751?
5
What is the tens digit of 2060474095?
9
What is the units digit of 61045632?
2
What is the tens digit of 38176428?
2
What is the hundred thousands digit of 6165508118?
5
What is the hundred millions digit of 4573043505?
5
What is the units digit of 949059763?
3
What is the tens digit of 6639011350?
5
What is the millions digit of 679821561?
9
What is the tens digit of 92673820?
2
What is the hundred millions digit of 129090685?
1
What is the hundreds digit of 179099239?
2
What is the hundred thousands digit of 399185647?
1
What is the millions digit of 218439858?
8
What is the ten thousands digit of 257923258?
2
What is the thousands digit of 2044234320?
4
What is the millions digit of 917867637?
7
What is the hundred thousands digit of 308793577?
7
What is the thousands digit of 61333714?
3
What is the hundred thousands digit of 1325493712?
4
What is the millions digit of 5282564978?
2
What is the hundred thousands digit of 2265773501?
7
What is the ten thousands digit of 707720285?
2
What is the tens digit of 141128638?
3
What is the hundred millions digit of 1025475820?
0
What is the billions digit of 1185665008?
1
What is the ten millions digit of 13500661?
1
What is the ten millions digit of 927583178?
2
What is the ten thousands digit of 175265379?
6
What is the ten thousands digit of 190059955?
5
What is the tens digit of 336779853?
5
What is the millions digit of 23370998?
3
What is the hundred thousands digit of 102469767?
4
What is the units digit of 4576487?
7
What is the thousands digit of 277334253?
4
What is the units digit of 64421981?
1
What is the millions digit of 535320929?
5
What is the ten millions digit of 108202451?
0
What is the tens digit of 634587523?
2
What is the thousands digit of 40706859?
6
What is the thousands digit of 1290